{"id":389,"date":"2016-02-03T10:13:00","date_gmt":"2016-02-03T09:13:00","guid":{"rendered":"https:\/\/mayer-waffen.de\/?page_id=389"},"modified":"2018-08-03T10:33:40","modified_gmt":"2018-08-03T08:33:40","slug":"impressum","status":"publish","type":"page","link":"https:\/\/mayer-waffen.de\/?page_id=389","title":{"rendered":"Impressum"},"content":{"rendered":"<p>Stefan Mayer GmbH<br \/>\nAdlergasse 2<br \/>\n88662 \u00dcberlingen<\/p>\n<p>Tel.: 07551\/65348<br \/>\nFax: 07551\/60314<br \/>\nMail: info@mayer-waffen.de<\/p>\n<p>Gesch\u00e4ftsf\u00fchrer: Stefan Mayer<\/p>\n<p>Gerichtsstand: \u00dcberlingen<\/p>\n<p>HRB: Freiburg 580863<\/p>\n<p>Umsatzsteuer Id Nr.: DE146962298<\/p>\n","protected":false},"excerpt":{"rendered":"<p>Stefan Mayer GmbH Adlergasse 2 88662 \u00dcberlingen Tel.: 07551\/65348 Fax: 07551\/60314 Mail: info@mayer-waffen.de Gesch\u00e4ftsf\u00fchrer: Stefan Mayer Gerichtsstand: \u00dcberlingen HRB: Freiburg 580863 Umsatzsteuer Id Nr.: DE146962298<\/p>\n","protected":false},"author":2,"featured_media":0,"parent":0,"menu_order":0,"comment_status":"closed","ping_status":"closed","template":"","meta":[],"_links":{"self":[{"href":"https:\/\/mayer-waffen.de\/index.php?rest_route=\/wp\/v2\/pages\/389"}],"collection":[{"href":"https:\/\/mayer-waffen.de\/index.php?rest_route=\/wp\/v2\/pages"}],"about":[{"href":"https:\/\/mayer-waffen.de\/index.php?rest_route=\/wp\/v2\/types\/page"}],"author":[{"embeddable":true,"href":"https:\/\/mayer-waffen.de\/index.php?rest_route=\/wp\/v2\/users\/2"}],"replies":[{"embeddable":true,"href":"https:\/\/mayer-waffen.de\/index.php?rest_route=%2Fwp%2Fv2%2Fcomments&post=389"}],"version-history":[{"count":2,"href":"https:\/\/mayer-waffen.de\/index.php?rest_route=\/wp\/v2\/pages\/389\/revisions"}],"predecessor-version":[{"id":497,"href":"https:\/\/mayer-waffen.de\/index.php?rest_route=\/wp\/v2\/pages\/389\/revisions\/497"}],"wp:attachment":[{"href":"https:\/\/mayer-waffen.de\/index.php?rest_route=%2Fwp%2Fv2%2Fmedia&parent=389"}],"curies":[{"name":"wp","href":"https:\/\/api.w.org\/{rel}","templated":true}]}}